*m - m, -y = 4*m - 357. What is the highest common divisor of m and t?
8
Let m = 1 - 1. Suppose -4*d + 320 = -m*d. What is the highest common factor of d and 20?
20
Let w(h) = -h**2 - 7*h - 3. Let u be w(-6). Suppose 0 = u*t - t - 136. Suppose 0 = -5*p + p + t. What is the greatest common factor of p and 187?
17
Suppose w + 7*w - 232 = 0. Calculate the highest common factor of 58 and w.
29
Let r be 1 + (-8 + 3)/(-5). Calculate the highest common divisor of r and 2.
2
Suppose 116 + 184 = 3*n. Let q = 4 + 36. Calculate the greatest common divisor of q and n.
20
Suppose 540 = 2*u + 3*u. What is the greatest common divisor of u and 12?
12
Let i be 3/2*2/3. Let t be (-4 - -3)/(2/(-14)). Calculate the greatest common divisor of t and i.
1
Let n be (-8)/(-28)*7 - 0. What is the greatest common divisor of 18 and n?
2
Suppose -4*o = -2*o + 2. Let a = 1 + o. Let q be (7 - a/2) + 1. Calculate the greatest common factor of q and 8.
8
Let v be -60*((-40)/12 - -3). Calculate the highest common divisor of 30 and v.
10
Let i(w) = -w**3 - 2*w**2 - 1. Let l be i(-4). Calculate the highest common divisor of l and 279.
31
Let r(w) = w**2 - 4. Let b be r(-3). Suppose 0 = 5*c - a - 124, 105 = -0*c + 4*c + 5*a. Calculate the highest common divisor of c and b.
5
Suppose 5*b - 3 - 7 = 0, 4*b = 4*m - 8. Suppose 0*y = m*y - 136. Calculate the highest common factor of y and 34.
34
Let l be (-7)/(-4 - (-1 - 2)). Calculate the highest common divisor of 56 and l.
7
Suppose 6*m = -m + 308. Calculate the highest common factor of m and 4.
4
Let r = 47 - 34. Suppose -10*v + 8*v = -78. Calculate the greatest common factor of r and v.
13
Suppose 0 = 4*n - 3*h - 24, n - h - 8 + 1 = 0. Suppose n*z - 2*z = 9. What is the greatest common divisor of 1 and z?
1
Suppose 0*c - 3*c = -12. What is the highest common divisor of c and 16?
4
Let p(r) = -r + 6. Let c be p(0). Let f be 2/6 + 22/c. Calculate the greatest common divisor of 36 and f.
4
Suppose 3*u - 127 = -5*h - 49, 4*u - 96 = -4*h. Calculate the greatest common divisor of 21 and u.
21
Suppose -16 - 14 = -i. Let g = i - -10. Let c = -22 + g. Calculate the greatest common divisor of 12 and c.
6
Let g be (56/6)/(0 + (-8)/(-12)). Calculate the greatest common factor of g and 28.
14
Suppose -x = -0*x + 1. Let m be (4 + -5)/(x/10). Calculate the greatest common divisor of 70 and m.
10
Let a = -1 + 1. Suppose 2*r + 1 - 33 = a. Suppose 0 = -0*y + y - 4. Calculate the greatest common divisor of y and r.
4
Let m(x) = -15*x - 2. Let w be m(-2). Suppose 3*l - l = w. Let j = 53 - 32. What is the highest common divisor of j and l?
7
Suppose 5*o = 4*o + 67. Let u = 116 - o. Calculate the highest common divisor of 7 and u.
7
Suppose 25 = 5*m + 5*n, 5 = 3*m + 4*n - 12. Suppose b = -m*b + 264. Let v(u) = 2*u - 1. Let q be v(6). What is the greatest common divisor of q and b?
11
Let q be (30/(-20))/(1/(-2)). Suppose q + 42 = 3*o. Calculate the greatest common factor of 120 and o.
15
Let y = 3 + 2. Suppose -2*o + 4*d + 4 = -4, y*d = -5. Suppose 0 = -2*l + 34 + 10. Calculate the highest common factor of l and o.
2
Suppose 7*r - 2*r = 3*j + 1002, -3*j - 1011 = -2*r. Let u be (-3)/(-18) - j/18. What is the greatest common divisor of u and 114?
19
Suppose -975 = 2*l + 3*z, -3*z + 976 = -2*l - 5*z. Let f be l/(-15) + (-4)/(-10). What is the highest common factor of 3 and f?
3
Let q = 28 - 18. Suppose 3*a = 3*v - a - 34, v + 4*a + q = 0. What is the greatest common divisor of 12 and v?
6
Suppose -4*m + 15 = -9. Let y(a) = 2*a - 5. Let t = -18 - -25. Let u be y(t). What is the greatest common factor of m and u?
3
Suppose 40 = 2*t + 2*s - 6*s, t - 21 = s. Let q be (4/8)/((-2)/(-8)). Calculate the greatest common factor of t and q.
2
Let y = -56 - -32. Let f = 56 - y. Let n(i) = i**3 + 5*i**2 + 4. Let t be n(-4). What is the highest common factor of t and f?
20
Suppose -4*y + 3*y + 2 = 0. Let w = 4 - y. Suppose 0 = -5*g + 2*q + 20, -5*q + 17 = -w*g + 4. Calculate the highest common divisor of g and 30.
6
Suppose -w = -2*p + 18, 5*p - 3*w - w - 42 = 0. Calculate the greatest common factor of 6 and p.
2
Let t(l) = l**3 + l**2 + 35. Let u = -2 - -3. Let p be (-3)/9*0*u. Let h be t(p). What is the greatest common factor of 5 and h?
5
Suppose 5*a - 186 = 104. Suppose -5*y = -431 - 294. What is the highest common factor of a and y?
29
Let i(v) = -v**2 + 6*v - 1. Let l be i(4). Let f(g) = 5*g**2 - 3*g. Let d be f(2). What is the highest common divisor of l and d?
7
Let z(s) = 2*s**2 - 2*s + 1. Let j be z(2). Suppose -5*v - 7 = -11*n + 8*n, -3*v - 2*n + 11 = 0. Calculate the highest common factor of v and j.
1
Let h be (2/7)/((-1)/(-7)). Let f be 0/((-2)/(0 - h)). Suppose f = 4*p - 5*g - 47, p - 3*g = -2*p + 39. What is the highest common factor of p and 54?
18
Let q(k) = -k**2 - 6*k - 4. Let s be q(-3). Suppose 145 = s*w - 5*m - 200, 135 = 2*w - 5*m. Let x = -12 + 19. Calculate the greatest common divisor of x and w.
7
Let x = -29 - -40. Let r = 146 - 69. Calculate the greatest common divisor of x and r.
11
Let h(w) = -w**2 - 11*w - 4. Let j = -22 - -13. Let o be h(j). What is the highest common divisor of o and 42?
14
Let i = 2 + 24. Calculate the highest common factor of 26 and i.
26
Let l(o) = o**2 - 9*o + 2. Let m be l(9). Suppose k + 11 = -4*p, 6*k - 2*k + 5*p = -11. Let q be -1*(k - 19) + 0. What is the greatest common factor of q and m?
2
Let g(i) = -i**3 - 5*i**2 - i - 3. Let t be g(-5). Suppose d + 2 = 0, 5*l - t*d - 292 = -63. What is the highest common factor of l and 30?
15
Let i(g) = 4*g - 2*g - 4*g + 7. Let l be i(-5). Let h = l - 0. Calculate the greatest common factor of 17 and h.
17
Let q = 1 - 13. Let h be 1/(-4) + (-183)/q. Suppose -t = 2*t + h, 2*x = -t - 1. What is the highest common divisor of 10 and x?
2
Suppose -96 = -3*n + 63. Let v = -35 + n. Calculate the highest common divisor of v and 27.
9
Let p(x) = -4*x + 3. Let i be p(2). Let n = i - -3. Let l be 3/n*(-128)/3. What is the greatest common divisor of 16 and l?
16
Suppose -f + 188 = 3*c, 0*f - 242 = -4*c + 3*f. What is the greatest common divisor of 31 and c?
31
Let b(l) be the first derivative of -l**4/4 + 4*l**3/3 + l**2 - 4*l - 2. Let x be b(4). Suppose -c + 38 = 10. What is the highest common divisor of c and x?
4
Suppose 0 = y - 2*y + 42. Suppose -47*o = -y*o - 75. Calculate the greatest common factor of o and 60.
15
Let f(k) = -k**3 - 10*k**2 - 10*k - 4. Let d be f(-9). Suppose -3*t = -5*v - 26, d*t - 9*t + 2*v = -30. Calculate the highest common factor of 77 and t.
7
Let y(q) = 93*q - 1. Let z be y(1). Calculate the highest common factor of 23 and z.
23
Let l = 37 + -36. Calculate the highest common factor of l and 8.
1
Let m = -17 + 44. What is the highest common divisor of 135 and m?
27
Suppose -5*j - 23 = -4*p - 8, -5*j - 15 = 0. Suppose 0 = 5*g - 25 - p. Calculate the highest common factor of g and 15.
5
Let n = -17 + 28. What is the greatest common factor of n and 44?
11
Suppose 0*b = 2*b - 22. Let m(q) = -q**2 - 1 + 4*q**2 - q**2 + 6*q. Let k be m(4). What is the highest common divisor of b and k?
11
Suppose -11 + 5 = -2*a. Suppose l = -a*l + 64. What is the greatest common factor of l and 8?
8
Let m(k) = 3*k**2 - 21*k - 12. Let g be m(10). Calculate the greatest common divisor of 52 and g.
26
Suppose -x - 3*s + 15 = 0, 3*x - 53 = -x - 5*s. What is the greatest common factor of 24 and x?
12
Let b(n) = 3*n**2 - 8*n + 11. Let r be b(3). What is the greatest common factor of 2 and r?
2
Let v(q) = q**2 - 4*q - 5. Let h be v(5). Suppose h*k = 3*k. Suppose m - 8 + 3 = k. Calculate the greatest common factor of m and 50.
5
Suppose -4*s + 13 = d, -3*s = -4*d + 39 - 6. Suppose 3*o - 2*y - 2 - 3 = 0, 20 = o + 3*y. Let k = d + o. What is the greatest common factor of k and 14?
14
Suppose -g = j - 0*j - 4, 4*g + 5*j - 15 = 0. Let h = g + -7. Let n be h/(6/(-9)*1). Calculate the highest common divisor of 3 and n.
3
Let m(o) = -o**2 - o + 32. Let c be m(0). Suppose 0*r = 2*r - c. Let k be 0 - (0/2 + -2). What is the highest common factor of r and k?
2
Let o = 0 + 1. Let k(g) = 8*g + 124. Let v be k(-15). What is the greatest common factor of v and o?
1
Suppose 2*r + 304 = -2*r. Let z = -20 - r. Suppose -v - z = -4*f, f + 2*f = -v + 42. What is the greatest common divisor of 2 and f